 6) to base 7.
-10644026
Convert 249c254 (base 13) to base 12.
39aa382
-3b93a (base 12) to base 11
-57033
8038 (base 14) to base 16
55f2
What is 158435 (base 10) in base 14?
41a4b
What is 94795 (base 16) in base 4?
2110132111
-2033132104 (base 5) to base 8
-17775013
What is 1096b5 (base 12) in base 11?
17142a
Convert 102222000120020 (base 3) to base 14.
bb70c4
Convert -111010110110111 (base 2) to base 8.
-72667
What is 1112311001 (base 4) in base 6?
11342305
What is -287705 (base 13) in base 10?
-987641
What is -11212524 (base 7) in base 11?
-6089a3
-2725550 (base 8) to base 11
-482651
What is 405033 (base 7) in base 9?
114540
Convert e009 (base 15) to base 2.
1011100010011011
What is -ccd091 (base 15) in base 8?
-45176253
What is 10123330 (base 4) in base 12?
a624
What is -86a75 (base 16) in base 12?
-227219
Convert -111111010010101001 (base 2) to base 14.
-6a693
Convert 15553376 (base 8) to base 16.
36d6fe
Convert 5517040 (base 9) to base 12.
bab446
-76468 (base 12) to base 5
-14444201
110023310 (base 4) to base 11
57130
Convert -6206244 (base 7) to base 13.
-1cc797
-774cbd (base 16) to base 15
-a46889
Convert -7994830 (base 10) to base 7.
-124645354
What is 351315 (base 7) in base 15?
139a3
Convert -151406 (base 8) to base 12.
-2731a
What is 111011010100010010 (base 2) in base 4?
323110102
Convert 101413244 (base 5) to base 3.
210022220001
Convert 50451 (base 7) to base 16.
2fcd
13e0121 (base 15) to base 12
4994564
Convert -11010101100010110 (base 2) to base 15.
-225de
What is -13c6b9 (base 15) in base 11?
-5a1233
What is 2903745 (base 10) in base 16?
2c4ec1
Convert 383b41 (base 13) to base 4.
11021303112
-313123032 (base 5) to base 11
-809a41
Convert 464237 (base 12) to base 16.
11324b
Convert -2cf117 (base 16) to base 12.
-ba055b
198a (base 15) to base 12
324a
Convert 255ba6 (base 14) to base 8.
4713246
Convert -12211340 (base 5) to base 4.
-130123312
What is 265a28 (base 11) in base 12?
181983
-102112100222 (base 3) to base 4
-313122230
Convert -1373a0b (base 12) to base 13.
-a5ccaa
What is -1b897 (base 15) in base 13?
-31a95
What is -132310001 (base 4) in base 2?
-11110110100000001
-26152 (base 7) to base 8
-15442
-313340014 (base 5) to base 13
-36a91a
2034231 (base 6) to base 8
277553
What is 3acbc0 (base 15) in base 2?
1010110010010100001010
Convert -10000010222022 (base 3) to base 5.
-402102340
-3505040 (base 8) to base 16
-e8a20
-512230 (base 7) to base 14
-23b17
Convert -414241141 (base 5) to base 9.
-3188433
What is 340511 (base 10) in base 6?
11144235
Convert -11010111000000001111 (base 2) to base 10.
-880655
3c0693 (base 13) to base 15
1dbdd0
-a1a29 (base 13) to base 5
-33231112
-562107 (base 12) to base 9
-2521247
What is 1621918 (base 11) in base 15?
39a943
702295 (base 14) to base 8
16304633
Convert -4679a (base 13) to base 4.
-133123200
Convert 2937658 (base 11) to base 2.
10011010000000101010010
Convert -310596 (base 14) to base 15.
-229ba0
What is 11100110011 (base 2) in base 4?
130303
-404c2 (base 13) to base 15
-2416d
Convert -2202101101202 (base 3) to base 2.
-101100101011100111010
What is -213616515 (base 7) in base 15?
-11d10a0
Convert 320333102 (base 4) to base 2.
111000111111010010
-1830904 (base 10) to base 7
-21363625
Convert -3cd05 (base 14) to base 10.
-150729
61d2c (base 14) to base 2
111001100100110100
244240024 (base 6) to base 4
101320020100
What is 6442822 (base 9) in base 14?
65c660
55204241 (base 6) to base 5
410240343
-2101321001 (base 4) to base 10
-597569
What is 14344412 (base 5) in base 12?
7472b
What is 37959 (base 14) in base 7?
1105242
1c5192 (base 16) to base 11
10583a3
Convert 3326646 (base 8) to base 12.
37291a
What is 5158864 (base 10) in base 2?
10011101011011111010000
201ec (base 16) to base 12
64178
Convert -22838 (base 10) to base 9.
-34285
Convert 128947 (base 10) to base 16.
1f7b3
What is 689a4 (base 11) in base 14?
28493
-101111012222 (base 3) to base 6
-4231512
What is 2130031301 (base 4) in base 11?
3a7809
-336b (base 12) to base 14
-2111
Convert -11215011 (base 9) to base 8.
-24606244
What is -8694dc (base 15) in base 13?
-143594a
12223222 (base 4) to base 9
41481
What is 100001100011111100 (base 2) in base 7?
1111532
What is -13153123 (base 7) in base 3?
-2021021212101
447337 (base 8) to base 12
73653
What is -100101110000111001011 (base 2) in base 9?
-2285415
-9cc204 (base 13) to base 8
-16120143
91d7b (base 15) to base 13
1323c8
Convert 122002230321 (base 4) to base 14.
c99c93
What is 112100326 (base 7) in base 14?
ca0d16
What is -297775 (base 10) in base 14?
-7a739
Convert -10030221 (base 5) to base 8.
-234275
What is -21022001222 (base 3) in base 14?
-3a4dc
What is 13179 (base 16) in base 2?
10011000101111001
Convert 1333301212 (base 4) to base 5.
113221431
Convert a288 (base 16) to base 6.
520344
Convert 110101111010101001001 (base 2) to base 10.
1766729
-1587471 (base 10) to base 8
-6034417
-38211 (base 16) to base 12
-b1069
Convert 304111 (base 13) to base 16.
112222
-10100101101100 (base 2) to base 8
-24554
5533445 (base 6) to base 13
99038
Convert -163547 (base 9) to base 15.
-1ee1a
What is 57b83 (base 14) in base 12?
a3707
Convert -3031215 (base 8) to base 3.
-1111121112102
12211144 (base 5) to base 3
12220201000
-1044312024 (base 5) to base 14
-44c27b
111111110122 (base 3) to base 13
93c23
What is 4cc62b (base 13) in base 11?
1057a24
Convert -554202 (base 8) to base 13.
-66b70
What is -15ca56 (base 16) in base 6?
-50335210
What is de714 (base 15) in base 5?
140110334
Convert -1057741 (base 10) to base 4.
-10002033031
16040132 (base 7) to base 12
622835
What is -687795 (base 14) in base 3?
-20200121112001
11222213020 (base 4) to base 15
1e5121
Convert -1010001110111010101110 (base 2) to base 13.
-72c005
Convert -137879 (base 12) to base 5.
-40340011
Convert 37be0 (base 15) to base 10.
178185
-1a79216 (base 12) to base 3
-101121022012100
What is 550524 (base 6) in base 10?
45556
Convert 23ab706 (base 12) to base 11.
3a14576
Convert 102011202 (base 3) to base 4.
1333103
What is 1123312303 (base 4) in base 13?
10233a
What is -41023524 (base 6) in base 10?
-1169836
Convert 5352301 (base 6) to base 7.
2145412
-11011000120 (base 3) to base 9
-134016
Convert 15a830 (base 14) to base 10.
758954
Convert 10110010110101101000000 (base 2) to base 5.
3000011120
Convert 155339 (base 13) to base 3.
222201001002
What is 844b3 (base 12) in base 10?
173511
Convert -52215306 (base 7) to base 16.
-42fff0
Convert 2747eb (base 16) to base 8.
11643753
What is 13dcd9 (base 15) in base 2?
11101001111001001101
Convert 203002 (base 10) to base 14.
53da2
Convert 13213130320 (base 4) to base 12.
803534
Convert -1444141300 (base 5) to base 13.
-a656bc
Convert 148967 (base 10) to base 11.
a1a15
What is -1010010110101010111001 (base 2) in base 5?
-1143324142
101110011000110010001 (base 2) to base 12
613781
What is 11010001100110010001 (base 2) in base 15?
11e593
Convert -10122022220 (base 3) to base 9.
-118286
-100020120200 (base 3) to base 13
-64a79
Convert 546ba7 (base 13) to base 11.
1137032
-16ffff (base 16) to base 7
-15545353
Convert 209a656 (base 13) to base 10.
9933722
What is 104081 (base 11) in base 16?
28a40
174534 (base 9) to base 6
2153304
What is 13046100 (base 7) in base 16?
122169
Convert 1002330000 (base 4) to base 10.
274176
Convert 7264539 (base 11) to base 7.
213640620
What is -106032 (base 11) in base 14?
-45888
-1040320441 (base 5) to base 12
-919417
750720 (base 8) to base 12
100a40
Convert -634002 (base 12) to base 6.
-53252002
Convert -2574d3 (base 15) to base 10.
-1796598
What is -2b6fd (base 16) in base 6?
-3451405
What is 74a4b1 (base 14) in base 2?
1111000011100100111011
What is 254400 (base 6) in base 3?
1011121100
Convert 112533 (base 6) to base 4.
2113221
What is -10131313102 (base 4) in base 15?
-181ded
What is -22331433 (base 5) in base 8?
-604521
5332315 (base 6) to base 13
91a87
What is -65320 (base 9) in base 2?
-1010100100001000
What is 50b155 (base 12) in base 2?
100110100011100010001
-11020410 (base 6) to base 15
-678a9
Convert 82806 (base 12) to base 14.
461ca
Convert -1115341 (base 6) to base 10.
-56941
Convert -2961b (base 12) to base 4.
-32020313
Convert 12323310213 (base 4) to base 9.
3370613
-1232043240 (base 5) to base 3
-12122120021012
-40dddd (base 15